ase 12) to base 3
220221201
Convert 75a (base 14) to base 15.
66c
Convert 1110001010 (base 2) to base 16.
38a
What is -1553 (base 7) in base 3?
-212012
What is -2121 (base 5) in base 2?
-100011110
-1405 (base 9) to base 13
-635
-29122 (base 11) to base 15
-c406
Convert 1134 (base 5) to base 3.
20021
Convert 111101011 (base 2) to base 3.
200012
What is -12c1 (base 13) in base 14?
-da4
What is -435232 (base 6) in base 9?
-54542
66320 (base 9) to base 14
1206d
1676 (base 8) to base 10
958
Convert 69f (base 16) to base 13.
a05
What is -31402 (base 6) in base 16?
-109a
-768 (base 9) to base 4
-21311
Convert 11035 (base 6) to base 12.
a7b
-3175 (base 9) to base 11
-1834
Convert c14 (base 15) to base 16.
a9f
Convert -14663 (base 10) to base 8.
-34507
Convert -831 (base 9) to base 16.
-2a4
Convert -11400 (base 5) to base 6.
-3534
What is -101001001111 (base 2) in base 9?
-3552
What is 648a (base 14) in base 2?
100001111011010
Convert 11213 (base 4) to base 10.
359
3493 (base 10) to base 3
11210101
Convert 221102 (base 3) to base 8.
1256
Convert -10341 (base 8) to base 16.
-10e1
What is 61045 (base 7) in base 15?
45a7
-23001200 (base 4) to base 15
-d5a2
What is 510 (base 11) in base 13?
385
11011101101 (base 2) to base 4
123231
Convert -1174 (base 10) to base 13.
-6c4
Convert -2012 (base 10) to base 8.
-3734
What is 13678 (base 11) in base 10?
19445
-7117 (base 12) to base 3
-121211001
1101 (base 2) to base 11
12
Convert -463 (base 15) to base 5.
-12433
Convert -2824a (base 12) to base 6.
-1105334
What is -111100100100 (base 2) in base 11?
-2a04
Convert 3353 (base 10) to base 2.
110100011001
What is -34846 (base 12) in base 5?
-4222301
-36 (base 12) to base 11
-39
What is -102330 (base 4) in base 12?
-850
What is -303553 (base 6) in base 8?
-57175
Convert 253 (base 13) to base 14.
210
Convert -14c7 (base 14) to base 11.
-2867
Convert -10434 (base 7) to base 12.
-1626
Convert -3234 (base 12) to base 13.
-2680
-43 (base 13) to base 3
-2001
-123033 (base 4) to base 12
-1013
Convert -11100101001110 (base 2) to base 14.
-54bc
What is 10110111010 (base 2) in base 8?
2672
Convert 5356 (base 7) to base 9.
2544
What is 51402 (base 7) in base 11?
9476
What is -2122212100 (base 3) in base 9?
-78770
What is 2323 (base 5) in base 12?
242
Convert 1b5a (base 12) to base 11.
25a5
101110101100110 (base 2) to base 6
302410
40997 (base 10) to base 12
1b885
10000000100000 (base 2) to base 12
4914
-253 (base 16) to base 12
-417
What is -4ac (base 14) in base 15?
-426
8dd (base 14) to base 6
12055
-15776 (base 8) to base 13
-3353
What is 480 (base 9) in base 16?
18c
What is 25355 (base 7) in base 14?
262c
What is 5182 (base 11) in base 15?
207b
What is 19 (base 10) in base 2?
10011
What is 278 (base 11) in base 7?
645
Convert 394 (base 11) to base 15.
211
-1320 (base 11) to base 15
-796
Convert -737 (base 10) to base 13.
-449
1410 (base 12) to base 8
4414
Convert -1023223 (base 4) to base 6.
-34231
Convert 8669 (base 10) to base 5.
234134
Convert -10101110010 (base 2) to base 3.
-1220122
What is e44 (base 16) in base 6?
24524
Convert 120210202 (base 3) to base 13.
5324
1131241 (base 5) to base 13
9628
Convert 1012101 (base 3) to base 13.
523
378 (base 11) to base 2
111000000
1111011000000 (base 2) to base 13
3777
-1234 (base 9) to base 13
-55c
-137b0 (base 12) to base 3
-1101010020
What is 12265 (base 7) in base 15?
e57
Convert -53cd (base 14) to base 12.
-8475
What is -101012 (base 4) in base 10?
-1094
What is -16674 (base 9) in base 6?
-125104
Convert -21046 (base 8) to base 7.
-34326
Convert -63e (base 16) to base 4.
-120332
1186a (base 13) to base 6
405022
What is -4be4 (base 15) in base 9?
-24177
Convert 4ab (base 12) to base 6.
3135
Convert 145105 (base 6) to base 3.
201022112
What is -60 (base 11) in base 8?
-102
Convert -2006 (base 8) to base 15.
-48a
-115c (base 13) to base 2
-100110001011
What is 165 (base 13) in base 8?
374
Convert -4236 (base 7) to base 6.
-10533
11003 (base 7) to base 12
170b
Convert 3a345 (base 11) to base 12.
29439
Convert -6762 (base 11) to base 10.
-8901
Convert -16d (base 14) to base 6.
-1205
What is -1210001210 (base 3) in base 16?
-88e0
Convert -2990 (base 10) to base 7.
-11501
310 (base 14) to base 13
374
Convert -3647 (base 8) to base 13.
-b79
Convert -2140 (base 6) to base 15.
-22c
179 (base 11) to base 14
10b
What is -9 (base 14) in base 2?
-1001
What is -2cb2 (base 16) in base 8?
-26262
-56c (base 13) to base 2
-1110100111
Convert 8df (base 16) to base 7.
6423
1101100010011110 (base 2) to base 16
d89e
Convert 1605 (base 10) to base 7.
4452
Convert 300133 (base 4) to base 12.
1967
1423 (base 6) to base 8
567
What is 31212 (base 4) in base 15?
3d0
Convert 21e6 (base 15) to base 6.
53143
-465d (base 16) to base 9
-26634
16563 (base 7) to base 6
33553
Convert -2874 (base 13) to base 3.
-22000100
What is -2580 (base 14) in base 9?
-10021
-1ab (base 14) to base 11
-296
What is -10002032 (base 4) in base 11?
-11464
Convert 2111220022 (base 3) to base 6.
1021055
What is 528 (base 12) in base 6?
3252
Convert 19233 (base 11) to base 3.
1100220020
2021221 (base 3) to base 4
122020
Convert -2154 (base 7) to base 8.
-1406
What is 15802 (base 14) in base 8?
150712
What is -4a95 (base 11) in base 13?
-3038
What is 54265 (base 11) in base 16?
133fa
Convert -143 (base 10) to base 14.
-a3
What is -1ea9 (base 15) in base 8?
-15034
What is -1010101121 (base 3) in base 5?
-1202111
Convert 1222201 (base 3) to base 4.
112222
1101220012 (base 3) to base 6
331522
What is -2483 (base 11) in base 6?
-22553
-72b6 (base 15) to base 8
-57266
Convert -13002022 (base 4) to base 9.
-43461
Convert -825 (base 15) to base 4.
-130223
What is 7461 (base 14) in base 2?
100111001101101
-1eb (base 16) to base 9
-605
Convert 51411 (base 9) to base 7.
200512
What is 3266 (base 8) in base 2?
11010110110
What is -31502 (base 8) in base 9?
-20000
What is -1010010101011111 (base 2) in base 13?
-16367
What is -2542 (base 6) in base 7?
-1601
What is -1200 (base 5) in base 12?
-127
-443 (base 8) to base 6
-1203
4212 (base 6) to base 16
3b0
Convert 327 (base 13) to base 7.
1401
Convert 103130 (base 6) to base 14.
3138
What is -2a032 (base 12) in base 10?
-58790
2476 (base 8) to base 6
10114
-10022 (base 5) to base 7
-1600
270 (base 14) to base 9
604
What is -5152 (base 9) in base 11?
-2920
Convert -5024 (base 7) to base 14.
-8bb
What is -122140 (base 5) in base 6?
-33342
Convert 3230 (base 13) to base 2.
1101100111000
What is -153bb (base 13) in base 7?
-225136
What is -4995 (base 11) in base 9?
-8841
Convert -10123 (base 4) to base 8.
-433
What is 205313 (base 6) in base 2?
100000101101101
Convert 53020 (base 6) to base 9.
10713
What is -36c (base 16) in base 4?
-31230
Convert -9448 (base 11) to base 5.
-400030
Convert -2112211122 (base 3) to base 15.
-ed08
Convert 1b52 (base 12) to base 8.
6456
Convert -834 (base 14) to base 11.
-1238
Convert -14447 (base 14) to base 4.
-30100333
What is -b33 (base 14) in base 3?
-10000112
What is -1408 (base 11) in base 14?
-943
Convert 1532 (base 9) to base 16.
48b
Convert 3c0 (base 14) to base 10.
756
-543 (base 10) to base 8
-1037
What is -123401 (base 6) in base 4?
-2232121
What is 1c3d (base 14) in base 15?
17d6
-14342 (base 5) to base 2
-10011000110
Convert -1343120 (base 5) to base 4.
-12310012
What is -46322 (base 7) in base 10?
-11825
What is a71 (base 16) in base 3?
10200000
-10001001 (base 2) to base 12
-b5
Convert 15b (base 14) to base 4.
10111
What is 221125 (base 6) in base 14?
69d3
Convert -138a (base 14) to base 6.
-23554
What is 330126 (base 7) in base 3?
2221010210
What is -a73 (base 11) in base 15?
-5b0
12003 (base 6) to base 16
6c3
14152 (base 7) to base 11
2999
1653 (base 12) to base 11
1aa4
What is 11 (base 14) in base 10?
15
Convert -3113 (base 6) to base 13.
-414
What is 33434 (base 5) in base 4?
211001
What is -953 (base 16) in base 14?
-c27
What is -14300 (base 5) in base 8?
-2260
What is 12496 (base 11) in base 6?
214500
What is -1633 (base 14) in base 15?
-1295
Convert 421110 (base 5) to base 13.
6438
-1a9 (base 11) to base 9
-286
1000110 (base 3) to base 5
10431
Convert 63247 (base 8) to base 13.
bc66
Convert a004 (base 15) to base 7.
200260
What is 876 (base 10) in base 7?
2361
1021233 (base 5) to base 7
100522
